What is the units digit of c?
5
What is the units digit of (-10260)/(-32) - 24/(-64)?
1
Let g = -5 - 4. Let k = 0 - -23. Let m = g + k. What is the tens digit of m?
1
Let s(z) = -6*z + 80. What is the units digit of s(12)?
8
Let n = 75 + -71. Suppose -n*t - 4*o + 936 = 0, 4*t + 3*o = -t + 1160. What is the hundreds digit of t?
2
Suppose -4*v - 5*h - 3817 = -7*v, 2*v - 3*h - 2545 = 0. What is the hundreds digit of v?
2
Suppose -11391 = -15*v + 15849. What is the units digit of v?
6
What is the units digit of (0 + 20)/5*(829 + 1)?
0
Let w = 247 + -161. Let g(l) = l**3 - 8*l**2 + 5*l + 6. Let k be g(5). Let u = w + k. What is the tens digit of u?
4
What is the tens digit of 2/(-1)*(-3 - (117 - 5))?
3
Suppose 5*k = 5, -3*k = 3*x - 0*k - 3411. What is the units digit of x?
6
What is the hundreds digit of ((-15666)/56)/(0 - (-3)/(-4))?
3
Let d = 875 + -411. Suppose 9*j - 940 = d. What is the units digit of j?
6
What is the units digit of (5169/9 - -8) + (-6)/18?
2
Suppose 31345 + 1555 = 28*v. What is the units digit of v?
5
Let x = 60 + -57. Suppose -3*y + 0*y + 238 = 5*o, 3*y - 144 = -x*o. What is the tens digit of o?
4
Suppose -7*r + 4400 = -7605. What is the thousands digit of r?
1
Suppose -2*q = 11 + 17. What is the tens digit of ((-49)/3)/(q/84)?
9
Suppose -6*s = -2*s - 4, -6 = -t - 2*s. Suppose -50 = -4*f - 3*d + 57, -t*f + 104 = 4*d. What is the tens digit of f?
2
Let a(z) = -1 - 40 + 25*z + 20 - 17. What is the units digit of a(6)?
2
Let s(t) = 41*t - 125. What is the tens digit of s(4)?
3
What is the units digit of ((-16)/(-24))/(2/(-6)) - -578?
6
Let j(y) = 13*y**2 + 10*y + 2. What is the tens digit of j(3)?
4
What is the thousands digit of (4 - 0) + (2044 - (-14 - -10))?
2
Suppose 3*g + 22 = c - 13, g + 3*c = -5. Let u be 7*3/(3/(-2)). Let n = g - u. What is the units digit of n?
3
What is the hundreds digit of 1403535/280 + (-12)/(-32)?
0
Suppose -4 = 4*z, -j - 86*z = -85*z - 1816. What is the units digit of j?
7
Let z(d) be the third derivative of -d**6/120 - 3*d**5/20 + 3*d**4/8 + 2*d**3/3 - 6*d**2. Let l be z(-10). Let n = 57 - l. What is the units digit of n?
3
Let d = 2 - -8. Suppose 14*u - 296 = d*u. What is the tens digit of u?
7
Let p(s) be the first derivative of s**4/4 + 10*s**3/3 - 5*s**2 + 9*s + 7. Let n be p(-11). What is the units digit of -4*-1*(-1)/n?
2
Let m(v) = -8*v**3 + v + 2. Let h be m(2). Let b = -16 - h. Suppose 4 = -4*k + b. What is the units digit of k?
0
Suppose -5*r - 20 = 0, -2*x = -2*r + 553 - 1771. What is the tens digit of x?
0
Suppose -2*s + 3*a + 3201 = -2*a, -s = -2*a - 1599. What is the hundreds digit of s?
5
Let y(s) = -144*s - 325. What is the tens digit of y(-4)?
5
Let m = 10318 - 4060. What is the hundreds digit of m?
2
Let l be 1 + -1 - (0 + 143 + 1). Let z = 265 + l. What is the units digit of z?
1
What is the thousands digit of (406/(-145))/(0 + 2/(-720))?
1
Let w(p) = p**2 - 2*p + 3. Let g be w(2). Suppose g*h = 7*h + 5*t + 265, 0 = -5*h - 5*t - 330. Let o = -39 - h. What is the units digit of o?
6
Suppose -17*z + 405 = -14*z. Suppose 4*r = 3*l + 212, 5*l + z = 4*r - 85. What is the tens digit of r?
5
What is the tens digit of (774/(-72))/((-2)/112)?
0
Let u be (-2)/(-4) - 6071/(-26). Let c = u - 108. What is the hundreds digit of c?
1
Suppose -5531 = -5*g + 6*q - 5*q, 0 = -g - 5*q + 1101. What is the thousands digit of g?
1
Let f be 2 + 0 + (-2)/(-8)*4. Let n = f - -37. What is the units digit of n?
0
Let i(h) = -71*h**2 + 6*h - 67*h**2 + 192*h**2 + 5. What is the tens digit of i(-1)?
5
Suppose 0*c - 5*w = 2*c + 3, 4*c = 3*w + 7. Let y(o) = 152*o**3 - 2*o**2 + 4*o - 1. What is the units digit of y(c)?
3
Let u = 45 + -114. What is the units digit of 2/(-2)*u/1?
9
Let j(t) = -2*t**2 - 16*t + 88. What is the units digit of j(0)?
8
Let v = 35 + -31. Suppose y = -o + 105, -v*y - 3*o = -0*o - 424. Let h = y + -58. What is the tens digit of h?
5
Let o(r) = -74*r + 8. What is the hundreds digit of o(-4)?
3
Suppose -4*m - 16 = -2*m. Let k = m - -107. What is the tens digit of k?
9
Suppose 35*b + 1302 = 38*b. What is the hundreds digit of b?
4
Let h = 3175 + -1294. What is the hundreds digit of h?
8
Let v(a) = 2*a - 8. Let t be v(9). Suppose -m = t - 2. Let s = m - -14. What is the units digit of s?
6
Suppose 2*o - 3*o + 23 = 0. Let c = o - 21. Suppose 0*q = -q + c, 3*l = q + 73. What is the tens digit of l?
2
Let w be (-2)/(-4) + 18/4. Let a = -25 + 248. Suppose -w*j = -a + 18. What is the tens digit of j?
4
Suppose -4*j = -9*h + 6*h - 4632, 5*j - 5817 = -3*h. What is the hundreds digit of j?
1
Let p(n) be the second derivative of -n**3/6 + 6*n**2 - 2*n. Let l be p(5). Suppose -19 = -4*w + a + 4*a, w - l = -a. What is the units digit of w?
6
Let u be ((-16)/6)/((-2)/129). Suppose 2*k - u = 5*c, -50 = 3*c - 5*k + 57. Let s = -6 - c. What is the tens digit of s?
2
Let o = -413 - -718. Let f = o + -208. What is the units digit of f?
7
Let z(x) = x**2 + 13*x + 14. Let s be z(-24). Suppose -3*h = -139 - s. What is the tens digit of h?
3
Suppose 0 = -6*z + 7 + 17. Suppose 6*c = 4*g + 4*c - 74, 0 = -z*g - 5*c + 109. Suppose -33*r = -36*r + g. What is the units digit of r?
7
Suppose 4*v - 210 = 3166. What is the units digit of v?
4
Let g be (1/2 + 0)/(5/4780). Suppose g + 110 = 6*d. What is the units digit of d?
8
Suppose 114 = 8*s - 166. What is the tens digit of s?
3
Suppose 2*j = 2*q + 2984, -q = -2*j + 770 + 2211. What is the units digit of j?
9
Let c(b) be the second derivative of -b**5/20 - b**4/2 + 3*b**3/2 + 8*b**2 - 2*b. What is the units digit of c(-7)?
2
Suppose -5*k - g = -2*k - 25, -g = -4. Suppose 4*r - 1034 = -k*r. What is the tens digit of r?
9
Suppose 5*k + 312 + 673 = 2*p, -k - 2*p - 197 = 0. Let h = 340 + k. What is the hundreds digit of h?
1
Let q(x) = 55*x - 22. What is the units digit of q(6)?
8
Let b = 1932 - 1340. What is the hundreds digit of b?
5
Let h = 127 - 231. Let x = -69 - h. Suppose 4*n - 9 - x = 0. What is the units digit of n?
1
Suppose 2*h = -1 + 3. Let u(i) = -2*i**2 - 2*i + 2. Let m be u(h). What is the units digit of (-2)/((-8)/m)*-26?
3
Suppose -5*o - 13 - 2 = 4*p, -4*o - 12 = 0. Suppose 10 = -5*k, p*x + 5*x - 772 = -4*k. What is the tens digit of x?
5
Suppose -21960 = 95*i - 104*i. What is the thousands digit of i?
2
Let i = 1860 + -1204. What is the tens digit of i?
5
Let f be (-2 - -3) + 6/(-1 + -2). Let z be 6/(-9) + 5/3. What is the units digit of (f*z)/(2/(-16))?
8
Let u = -654 + 465. What is the units digit of (8/(-6))/(36/u)?
7
Let v = -55 - -57. Suppose -4*o + 238 = s, 4*s + s = -v*o + 1136. What is the hundreds digit of s?
2
What is the units digit of ((-2548)/(-16) - 1)*(-4 + 8)?
3
Suppose 10*x - 46 = 28454. What is the tens digit of x?
5
What is the units digit of (52/(-39))/((-1)/(-12)*-2)?
8
Let h(s) = s**3 - 19*s**2 + 17*s + 21. Let t be h(18). Suppose 8 = 4*a, t*a - 2*a = -3*n + 71. What is the tens digit of n?
2
Let z be 4/6*(-24)/(-16). Suppose 3*d + 3*a = -18, -a = 2*d + 9 + 8. Let k = z - d. What is the tens digit of k?
1
Suppose 4*h - 12 = 6*h. Let c = 1 - h. Suppose 32 = 9*d - c*d. What is the units digit of d?
6
Suppose -2*s = 43*x - 48*x - 192, -70 = -s - 4*x. What is the tens digit of s?
8
Let t be (18/6 + 1)*(-82)/(-2). What is the hundreds digit of (3/1)/(3 - 488/t)?
1
Let r be 4*(5 + -3 - 3). Let p = r + -1. What is the units digit of 2 + (-2 - 0 - p)?
5
Let a(z) be the second derivative of -z**5/20 - z**4/3 + z**3/2 + 5*z**2/2 + 3*z. Let k be a(-5). What is the tens digit of (-2 - -2) + k/1?
1
Let h(n) = -n**3 - 20*n**2 - 22*n - 40. Let j be h(-19). Suppose -18*y = -j*y - 160. What is the tens digit of y?
6
Let s = 33 - -117. Suppose 0*q - q = 3*w - 109, -4*w = -q - s. Let c = 58 - w. What is the tens digit of c?
2
What is the tens digit of 7 + 1068 + 5 + -4?
7
Suppose -2*v - 1642 = -4*g, v = 4*g + 5*v - 1612. What is the tens digit of g?
0
Let d be (2/4)/(1/12). What is the units digit of (d/(-5))/((-3)/20)?
8
Let h be 10/5*8*2/4. Let u = 4 - 9. Let q = u + h. What is the units digit of q?
3
Suppose -f - 2*m + 4*m + 13 = 0, -2*f + 3*m = -23. Let u(i) = -i**3 + 6*i**2 + 8*i - 1. Let s be u(f). Let l = s + 6. What is the units digit of l?
2
Suppose -2*y + 314 = -126. Let j = y + -97. What is the tens digit of j?
2
Let v(u) = 3*u + 2. Let 